t is the units digit of (14/21)/(3/3 - (-359)/(-360))?
0
Let p(b) = 5*b**3 + 3*b**2 - 5*b - 2. Let j be p(-2). Let o(n) = -n**2 - 22*n - 4. Let a be o(j). Suppose -a - 18 = -6*c. What is the units digit of c?
9
Let m = 0 - -20. Suppose 28 = 4*v + m. Suppose 4*r - 105 = -2*z + 3*r, v*z + 5*r = 117. What is the tens digit of z?
5
Suppose 3 = 3*o - 9. Suppose u - 5 = -2*z + 2, -4*z + o*u = -8. Suppose z*i - 4*i = -5*f - 74, -i + 4*f = -75. What is the tens digit of i?
7
Let w = 60648 + -25270. What is the ten thousands digit of w?
3
Let o(y) = -3*y + y**3 - 4*y - 18 - 14*y**2 - 3*y. Suppose d = -3*u + 48, 2 + 16 = u + d. What is the units digit of o(u)?
7
Let r = 458 - 480. Let g(p) = -11*p + 115. What is the units digit of g(r)?
7
Let w = -209 - -212. Suppose w*i = -6*i + 11169. What is the tens digit of i?
4
Let f(j) = -j**2 - 29*j + 174. Let l be f(-34). What is the units digit of (-2455)/(-7) + 13*l/182?
1
Suppose 74*t - 302674 = 64292. What is the tens digit of t?
5
What is the units digit of 10854 + 17 + -20 + 2?
3
Let l = -3712 - -4573. What is the hundreds digit of l?
8
Suppose -16 = -4*c - 2*s, c + c - s = 0. Suppose 4*v + 5*z + 449 = 0, 6*z - 3*z - 241 = c*v. Let l = 197 + v. What is the units digit of l?
1
Suppose 3*l = -82 + 88, v = -l + 15147. What is the units digit of v?
5
Let t = 2302 - 499. What is the tens digit of t?
0
Suppose 0*k = 2*k - 6, 2*v - 47 = k. Suppose -1678 = -v*p + 4222. What is the units digit of p?
6
Suppose 3*n - 2839 = -5*y, -211 - 2638 = -5*y + 2*n. Suppose -5*w = -b + 1204, b - 3*w - y = 629. What is the units digit of b?
9
Suppose 15*k - 14*k - 6 = 0. Let q be (324/60)/(k/20). Suppose o - 37 = q. What is the units digit of o?
5
Let v(a) = -a + 9. Let w be v(-31). Suppose -45*p = -w*p + 2190. Let u = p + 714. What is the units digit of u?
6
Let v be ((-15168)/(-80))/(1/30). Suppose t = -7*t + v. What is the hundreds digit of t/3*(3 + (-7)/3)?
1
Let p be ((-43)/1)/(1/(-2)). Let o(b) = 7*b**2 - 147*b - 24. Let l be o(21). Let c = p + l. What is the tens digit of c?
6
Suppose 4*y - 6172 = 4*l, 1499 = y + 4*l - 49. What is the tens digit of y?
4
What is the units digit of 14498 + 9/(-6)*-1*(-16)/24?
7
Let c = 157 - 48. Let b be (4 - 6/2) + c. Let i = b - 53. What is the units digit of i?
7
Suppose 5*z - 19 = -3*y + z, -3*z = -2*y + 7. Suppose s = y*s + 20, -s + 247 = 2*r. Suppose -4*k + r = -k. What is the units digit of k?
2
Let a(u) = u + 1. Let o be a(1). Suppose -v + 1038 = o*v. Suppose 7*d - v = 543. What is the units digit of d?
7
Let u = -174 - -278. Let s = u + -55. Let g = s + -45. What is the units digit of g?
4
Suppose 0*d + 4*d = d. Suppose -6*a - 5*k - 10 = -3*a, -4*a - 4*k = d. What is the tens digit of (-2)/a + 264/10?
2
Let g(n) = 10*n**2 + 2*n - 3. Let c be g(2). Let k = 38 - c. What is the units digit of (-2586)/(-42) + k/(-7)?
2
What is the units digit of (304860/40)/(39/104)?
4
Let f(z) be the second derivative of 12*z**3 + 79*z**2/2 - 5*z - 4. What is the units digit of f(10)?
9
Suppose 10*p + 187 = 747. Suppose -50*f - 4626 = -p*f. What is the tens digit of f?
7
Let h(j) = j**3 + 42*j**2 - 18*j + 70. What is the units digit of h(-12)?
6
Suppose 3*i - 4*x - 83376 = 0, 4*i - 62882 - 48286 = 3*x. What is the ten thousands digit of i?
2
Let o = 1822 - 1222. Suppose 0 = 5*t - o - 1300. Suppose 4*b + t = 8*b. What is the units digit of b?
5
What is the units digit of 15/9 + 16 + 344777/51?
8
Let k = 315 - 305. What is the units digit of (0 - 5/k)*-4 - -346?
8
Suppose -5*v + 4*h - 203 = 0, 0*h + 123 = -3*v + 2*h. Let w = -40 - v. What is the units digit of w + 3/(3/41)?
4
What is the units digit of (288/168)/((-123575)/41195 - -3)?
2
What is the units digit of 8 + (4 - -6649) + 0 + 3?
4
Let h(b) = -10*b**3 + b**2 - b - 1. Let t be h(-1). Let q(i) = 27*i + 24. Let d(c) = 7*c + 6. Let z(w) = -22*d(w) + 6*q(w). What is the tens digit of z(t)?
0
Let h = 113 - 113. Suppose h = 6*g - 327 - 741. What is the hundreds digit of g?
1
Let w be 0 + 22 + 2 + -3. Let r(g) = g**2 - 21*g + 7. Let p be r(w). Suppose -p*z - 108 + 1697 = 0. What is the tens digit of z?
2
Let n be 8 + -2*(-3 + 9/2). Suppose 184 = n*o + 59. Let b = -24 + o. What is the units digit of b?
1
Let d be (-8)/56 - (-48)/(-7). Let o = d + 135. Suppose 0*r - o = -4*r. What is the tens digit of r?
3
Suppose 5*y + 28 + 23 = 3*z, 2*y - 68 = -4*z. Suppose -7574 = -z*d + 2575. What is the hundreds digit of d?
5
Let f = -1032 + 1682. Let c = f - 63. What is the hundreds digit of c?
5
Let o = -194 + 199. What is the hundreds digit of -206*((-65)/10 + o)?
3
Suppose 4*a - 488 = -2*z, 4*a + 4*z - 488 = 8. What is the tens digit of (48/80)/(2/a) + -3?
3
Let j = 73656 + -49233. What is the units digit of j?
3
Let u = 115 + -347. Let a = u - -278. What is the tens digit of a?
4
Let g(n) = 17*n**2 - 56*n - 10. What is the ten thousands digit of g(31)?
1
Suppose 1045 = -5*t - 0*t. Let m = t + 385. Let n = -69 + m. What is the tens digit of n?
0
What is the hundreds digit of (8/(-8))/(6/(-52158))?
6
What is the thousands digit of (55721 - (-4)/(-9)*9) + -1?
5
Suppose 5*l = j - 1510, 4*l - 4 = -0. Let v = j + -495. What is the thousands digit of v?
1
What is the units digit of 12*((-2220)/(-144) - 15) - (1 + -63784)?
8
Let x(n) = -15665*n + 1227. What is the tens digit of x(-3)?
2
Let q = -18817 - -24677. What is the tens digit of q?
6
Suppose -2*t = -4, -6*t + 13*t = i - 6089. What is the thousands digit of i?
6
Let j = -3101 - -4456. Let m = -614 + j. Suppose -m = -9*z + 375. What is the units digit of z?
4
Suppose 29 + 28 = 19*u. Suppose -5*m + 3296 = -u*m. What is the units digit of m?
8
Let b(o) = -5145*o - 279. What is the units digit of b(-2)?
1
Let a = 663 + -1271. Let i be -2 + (2 - a) + 3 + -3. Suppose 8*j + 0*j - i = 0. What is the units digit of j?
6
Let f(q) = 421*q + 238. Let v be f(13). Suppose 0 = -4*l - l + 3*w + v, 2274 = 2*l + 4*w. What is the hundreds digit of l?
1
Suppose 0 = 3*o + 29*o + o - 1894464. What is the units digit of o?
8
Suppose 76*n - 1082430 - 6234 = 854656. What is the hundreds digit of n?
5
Let k(o) = o**3 - 4*o**2 + 5*o - 4. Let j be k(3). Suppose -j*u + 1638 = -0*u. What is the hundreds digit of u?
8
Let u = -184 + 160. What is the hundreds digit of 0 + 601 - u/(-8)?
5
Let v = -10 + 22. Suppose -5*x + k = -2159, -2*k = k + v. What is the tens digit of x?
3
Suppose -146*m + 1706851 = 512863. What is the units digit of m?
8
Let a(j) = -j**3 + 12*j**2 + 6*j - 20. Suppose 0 = -9*g + 4*g - 25, 0 = 3*m + 3*g - 6. Let q be a(m). Suppose q = 5*l - 623. What is the tens digit of l?
7
Let x be ((-2)/(-4) + -1)*40/(-5). Let g(h) = 3*h**2 - 2*h + 29. Let l(j) = -2*j**2 + j - 28. Let b(p) = x*l(p) + 3*g(p). What is the units digit of b(-9)?
4
What is the units digit of 16574/8 + 3 + (-240)/64?
1
Suppose -1712 = -5*m + 3*v, 3*m + 3*v - 1016 = 2*v. Let x = 523 + -729. Let y = m + x. What is the units digit of y?
4
Let a = -200 + 260. What is the units digit of (-384)/a*645/(-6)?
8
Let s be 65/(-39)*12/(-10). Suppose -10 = u - 12. Suppose s*y + 2*y - u*l = 1016, -2*y - 4*l = -508. What is the tens digit of y?
5
What is the thousands digit of (86/3)/(16/36)*(-2536)/(-12)?
3
Let p = 154 - 152. What is the units digit of (-762)/10*p*(-10)/4?
1
Let p be 2 + -3 + (2 - 4). Let x be 3 + -220*(-4 - p). Suppose x = 2*r - 105. What is the tens digit of r?
6
Let h(s) = s**3 - 41*s**2 - 23*s - 262. What is the units digit of h(43)?
7
Let b be (14795/(-10) + -2)/((-3)/(-168)). What is the hundreds digit of (-4)/30 - 1*b/105?
7
Let b be (-6*29)/(6/(-8)). Let g(x) = 33*x - 14. Let w be g(2). Let o = b - w. What is the hundreds digit of o?
1
Suppose 1667950 + 164948 = 148*w + 358226. What is the tens digit of w?
6
Suppose c = -55 + 85. What is the tens digit of c/(-35)*(-229 + -2)?
9
Let j be 1/(3 - 6 - -5)*-84. Let m = j + 47. Suppose -498 = -5*v - 2*i, -m*v - 6*i = -2*i - 506. What is the tens digit of v?
9
Suppose -12 = 4*j + 3*f - 183, -181 = -4*j - 5*f. Let q be 2 + (-49)/((-1)/1). Let p = q - j. What is the tens digit of p?
1
Let p be (84 - 0)*12/18. Suppose 4*c - 4*u = -p, 0*u - 8 = 4*u. Let n = c + 21. What is the units digit of n?
5
Let y = -231 + 81. What is the tens digit of 4/(-5)*189375/y?
1
Suppose 3*g + h = 3, 0 = -3*g + 4*h + 12 + 6. 